{"id":286,"date":"2016-10-31T13:17:59","date_gmt":"2016-10-31T16:17:59","guid":{"rendered":"https:\/\/emad-bue.infd.edu.ar\/sitio\/?page_id=286"},"modified":"2026-04-10T17:53:06","modified_gmt":"2026-04-10T20:53:06","slug":"inicio","status":"publish","type":"page","link":"https:\/\/emad-bue.infd.edu.ar\/sitio\/","title":{"rendered":"INICIO"},"content":{"rendered":"<p>&nbsp;<\/p>\n<p><em><strong>A partir de ma\u00f1ana 18\/02\/2026 se re-abre la pre-inscripci\u00f3n online. Luego para efectividad la misma ser\u00e1 de forma presencial acercando la documentaci\u00f3n de forma presencial a la escuela.<\/strong><\/em><\/p>\n<p>&nbsp;<\/p>\n<h3 style=\"text-align: center;\">INGRESO A LA FORMACI\u00d3N B\u00c1SICA CICLO LECTIVO 2026<\/h3>\n<p style=\"text-align: center;\"><span style=\"color: #000080;\"><em><strong>CRONOGRAMA DE INSCRIPCI\u00d3N:<\/strong><\/em><\/span><\/p>\n<div style=\"text-align: center;\"><span style=\"color: #000080;\"><em><strong>PASO 1: Preinscripci\u00f3n ONLINE: a partir del 18\/02\/2026<\/strong><\/em><\/span><\/div>\n<div>\n<div style=\"text-align: center;\"><span style=\"color: #000080;\"><em><strong>PASO 2: Inscripci\u00f3n PRESENCIAL: CON CITA PREVIA POR MAIL\u00a0en Necochea 3672 (EMAD)\u00a0<\/strong><\/em><\/span><\/div>\n<div>.<\/div>\n<\/div>\n<p>&nbsp;<\/p>\n<h3 style=\"text-align: center;\"><span style=\"color: #008080;\">ESTUDI\u00c1 TEATRO!<\/span><\/h3>\n<h5 style=\"text-align: center;\">Complet\u00e1 el formulario y reserv\u00e1 tu lugar. Los cupos son limitados&#8230;<\/h5>\n<h5 style=\"text-align: center;\"><a href=\"https:\/\/formularios.mardelplata.gob.ar\/?id=982\" target=\"_blank\" rel=\"noopener\">FORMULARIO DE INSCRIPCI\u00d3N <\/a><\/h5>\n<h3>\u00a0<\/h3>\n<h2 style=\"text-align: center;\"><span style=\"color: #008080;\">EL SIGUIENTE QR TE LLEVA AL FORMULARIO DE INSCRIPCI\u00d3N!<\/span><\/h2>\n<p><img decoding=\"async\" loading=\"lazy\" class=\"wp-image-2439  aligncenter\" src=\"https:\/\/emad-bue.infd.edu.ar\/sitio\/wp-content\/uploads\/2025\/11\/qrcode_277475777_c502e3778639fc269c97b5f9cc708071.png\" alt=\"\" width=\"329\" height=\"329\" srcset=\"https:\/\/emad-bue.infd.edu.ar\/sitio\/wp-content\/uploads\/2025\/11\/qrcode_277475777_c502e3778639fc269c97b5f9cc708071.png 1000w, https:\/\/emad-bue.infd.edu.ar\/sitio\/wp-content\/uploads\/2025\/11\/qrcode_277475777_c502e3778639fc269c97b5f9cc708071-500x500.png 500w, https:\/\/emad-bue.infd.edu.ar\/sitio\/wp-content\/uploads\/2025\/11\/qrcode_277475777_c502e3778639fc269c97b5f9cc708071-768x768.png 768w\" sizes=\"(max-width: 329px) 100vw, 329px\" \/><\/p>\n<p>CON PROFUNDO DOLOR, INFORMAMOS QUE EN EL DIA 10 DE ABRIL DE 2026, HA FALLECIDO LA PROFESORA SANDRA OTHAR, QUIEN FUERA DIRECTORA DE LA EMAD ENTRE LOS A\u00d1OS 2008 Y 2022, HABIENDO EJERCIDO LA DOCENCIA DESDE LA D\u00c9CADA DE LOS A\u00d1OS \u00b490. NOS DESPEDIMOS DE SANDRA QUE HIZO DOCENCIA Y GESTI\u00d3N EN LA EMAD CON UN ENORME COMPROMISO PROFESIONAL Y UNA GRAN SENSIBILIDAD HUMANA.\u00a1\u00a1\u00a1HASTA SIEMPRE SANDRA, TU PASO Y LA HUELLA QUE DEJASTE EN LA EMAD MARCA UN CAMINO FECUNDO PARA TODOS NOSOTROS!!!<\/p>\n<h1>\u00a0<\/h1>\n<p><img decoding=\"async\" loading=\"lazy\" class=\"aligncenter size-full wp-image-786\" src=\"https:\/\/emad-bue.infd.edu.ar\/sitio\/wp-content\/uploads\/2018\/10\/10313173_539966336113753_2800400581300314370_n.jpg\" alt=\"\" width=\"800\" height=\"600\" srcset=\"https:\/\/emad-bue.infd.edu.ar\/sitio\/wp-content\/uploads\/2018\/10\/10313173_539966336113753_2800400581300314370_n.jpg 800w, https:\/\/emad-bue.infd.edu.ar\/sitio\/wp-content\/uploads\/2018\/10\/10313173_539966336113753_2800400581300314370_n-768x576.jpg 768w\" sizes=\"(max-width: 800px) 100vw, 800px\" \/><\/p>\n<p>&nbsp;<\/p>\n<p>&nbsp;<\/p>\n<p>&nbsp;<\/p>\n<p>&nbsp;<\/p>\n<p>&nbsp;<\/p>\n<p>&nbsp;<\/p>\n","protected":false},"excerpt":{"rendered":"<p>&nbsp; A partir de ma\u00f1ana 18\/02\/2026 se re-abre la pre-inscripci\u00f3n online. Luego para efectividad la misma ser\u00e1 de forma presencial acercando la documentaci\u00f3n de forma presencial a la escuela. &nbsp; INGRESO A LA FORMACI\u00d3N B\u00c1SICA CICLO LECTIVO 2026 CRONOGRAMA DE INSCRIPCI\u00d3N: PASO 1: Preinscripci\u00f3n ONLINE: a partir del 18\/02\/2026 PASO 2: Inscripci\u00f3n PRESENCIAL: CON CITA &#8230; <a title=\"INICIO\" class=\"read-more\" href=\"https:\/\/emad-bue.infd.edu.ar\/sitio\/\" aria-label=\"More on INICIO\">[+]<\/a><\/p>\n","protected":false},"author":1,"featured_media":0,"parent":0,"menu_order":0,"comment_status":"closed","ping_status":"closed","template":"","meta":[],"acf":[],"_links":{"self":[{"href":"https:\/\/emad-bue.infd.edu.ar\/sitio\/wp-json\/wp\/v2\/pages\/286"}],"collection":[{"href":"https:\/\/emad-bue.infd.edu.ar\/sitio\/wp-json\/wp\/v2\/pages"}],"about":[{"href":"https:\/\/emad-bue.infd.edu.ar\/sitio\/wp-json\/wp\/v2\/types\/page"}],"author":[{"embeddable":true,"href":"https:\/\/emad-bue.infd.edu.ar\/sitio\/wp-json\/wp\/v2\/users\/1"}],"replies":[{"embeddable":true,"href":"https:\/\/emad-bue.infd.edu.ar\/sitio\/wp-json\/wp\/v2\/comments?post=286"}],"version-history":[{"count":291,"href":"https:\/\/emad-bue.infd.edu.ar\/sitio\/wp-json\/wp\/v2\/pages\/286\/revisions"}],"predecessor-version":[{"id":2616,"href":"https:\/\/emad-bue.infd.edu.ar\/sitio\/wp-json\/wp\/v2\/pages\/286\/revisions\/2616"}],"wp:attachment":[{"href":"https:\/\/emad-bue.infd.edu.ar\/sitio\/wp-json\/wp\/v2\/media?parent=286"}],"curies":[{"name":"wp","href":"https:\/\/api.w.org\/{rel}","templated":true}]}}

<p>&nbsp;</p>
<p><em><strong>A partir de mañana 18/02/2026 se re-abre la pre-inscripción online. Luego para efectividad la misma será de forma presencial acercando la documentación de forma presencial a la escuela.</strong></em></p>
<p>&nbsp;</p>
<h3 style="text-align: center;">INGRESO A LA FORMACIÓN BÁSICA CICLO LECTIVO 2026</h3>
<p style="text-align: center;"><span style="color: #000080;"><em><strong>CRONOGRAMA DE INSCRIPCIÓN:</strong></em></span></p>
<div style="text-align: center;"><span style="color: #000080;"><em><strong>PASO 1: Preinscripción ONLINE: a partir del 18/02/2026</strong></em></span></div>
<div>
<div style="text-align: center;"><span style="color: #000080;"><em><strong>PASO 2: Inscripción PRESENCIAL: CON CITA PREVIA POR MAIL en Necochea 3672 (EMAD) </strong></em></span></div>
<div>.</div>
</div>
<p>&nbsp;</p>
<h3 style="text-align: center;"><span style="color: #008080;">ESTUDIÁ TEATRO!</span></h3>
<h5 style="text-align: center;">Completá el formulario y reservá tu lugar. Los cupos son limitados&#8230;</h5>
<h5 style="text-align: center;"><a href="https://formularios.mardelplata.gob.ar/?id=982" target="_blank" rel="noopener">FORMULARIO DE INSCRIPCIÓN </a></h5>
<h3> </h3>
<h2 style="text-align: center;"><span style="color: #008080;">EL SIGUIENTE QR TE LLEVA AL FORMULARIO DE INSCRIPCIÓN!</span></h2>
<p><img decoding="async" loading="lazy" class="wp-image-2439  aligncenter" src="https://emad-bue.infd.edu.ar/sitio/wp-content/uploads/2025/11/qrcode_277475777_c502e3778639fc269c97b5f9cc708071.png" alt="" width="329" height="329" srcset="https://emad-bue.infd.edu.ar/sitio/wp-content/uploads/2025/11/qrcode_277475777_c502e3778639fc269c97b5f9cc708071.png 1000w, https://emad-bue.infd.edu.ar/sitio/wp-content/uploads/2025/11/qrcode_277475777_c502e3778639fc269c97b5f9cc708071-500x500.png 500w, https://emad-bue.infd.edu.ar/sitio/wp-content/uploads/2025/11/qrcode_277475777_c502e3778639fc269c97b5f9cc708071-768x768.png 768w" sizes="(max-width: 329px) 100vw, 329px" /></p>
<p>CON PROFUNDO DOLOR, INFORMAMOS QUE EN EL DIA 10 DE ABRIL DE 2026, HA FALLECIDO LA PROFESORA SANDRA OTHAR, QUIEN FUERA DIRECTORA DE LA EMAD ENTRE LOS AÑOS 2008 Y 2022, HABIENDO EJERCIDO LA DOCENCIA DESDE LA DÉCADA DE LOS AÑOS ´90. NOS DESPEDIMOS DE SANDRA QUE HIZO DOCENCIA Y GESTIÓN EN LA EMAD CON UN ENORME COMPROMISO PROFESIONAL Y UNA GRAN SENSIBILIDAD HUMANA.¡¡¡HASTA SIEMPRE SANDRA, TU PASO Y LA HUELLA QUE DEJASTE EN LA EMAD MARCA UN CAMINO FECUNDO PARA TODOS NOSOTROS!!!</p>
<h1> </h1>
<p><img decoding="async" loading="lazy" class="aligncenter size-full wp-image-786" src="https://emad-bue.infd.edu.ar/sitio/wp-content/uploads/2018/10/10313173_539966336113753_2800400581300314370_n.jpg" alt="" width="800" height="600" srcset="https://emad-bue.infd.edu.ar/sitio/wp-content/uploads/2018/10/10313173_539966336113753_2800400581300314370_n.jpg 800w, https://emad-bue.infd.edu.ar/sitio/wp-content/uploads/2018/10/10313173_539966336113753_2800400581300314370_n-768x576.jpg 768w" sizes="(max-width: 800px) 100vw, 800px" /></p>
<p>&nbsp;</p>
<p>&nbsp;</p>
<p>&nbsp;</p>
<p>&nbsp;</p>
<p>&nbsp;</p>
<p>&nbsp;</p>

<p>&nbsp; A partir de mañana 18/02/2026 se re-abre la pre-inscripción online. Luego para efectividad la misma será de forma presencial acercando la documentación de forma presencial a la escuela. &nbsp; INGRESO A LA FORMACIÓN BÁSICA CICLO LECTIVO 2026 CRONOGRAMA DE INSCRIPCIÓN: PASO 1: Preinscripción ONLINE: a partir del 18/02/2026 PASO 2: Inscripción PRESENCIAL: CON CITA &#8230; <a title="INICIO" class="read-more" href="https://emad-bue.infd.edu.ar/sitio/" aria-label="More on INICIO">[+]</a></p>
