{"id":2489,"date":"2026-03-10T15:38:11","date_gmt":"2026-03-10T18:38:11","guid":{"rendered":"https:\/\/emad-bue.infd.edu.ar\/sitio\/?page_id=2489"},"modified":"2026-03-11T09:53:58","modified_gmt":"2026-03-11T12:53:58","slug":"50-aniversario-del-golpe-civico-militar-1976","status":"publish","type":"page","link":"https:\/\/emad-bue.infd.edu.ar\/sitio\/50-aniversario-del-golpe-civico-militar-1976\/","title":{"rendered":"50\u00b0 ANIVERSARIO DEL GOLPE C\u00cdVICO-MILITAR 1976"},"content":{"rendered":"\n<p>El golpe c\u00edvico-militar del 24 de marzo de 1976 en Argentina derroc\u00f3 a Mar\u00eda Estela Mart\u00ednez de Per\u00f3n, instaurando una dictadura (1976-1983) conocida como \u00abProceso de Reorganizaci\u00f3n Nacional\u00bb. Liderada por una junta militar, implement\u00f3 un sistem\u00e1tico terrorismo de Estado, violaciones masivas a los derechos humanos, 30.000 desaparecidos y un plan econ\u00f3mico neoliberal<\/p>\n\n\n\n<p><strong>Puntos Clave del Golpe y la Dictadura:<\/strong><\/p>\n\n\n\n<ul>\n<li><strong>L\u00edderes:<\/strong>&nbsp;La junta estuvo compuesta por Jorge Rafael Videla (Ej\u00e9rcito), Emilio Eduardo Massera (Armada) y Orlando Ram\u00f3n Agosti (Fuerza A\u00e9rea).<\/li>\n\n\n\n<li><strong>Terrorismo de Estado:<\/strong>&nbsp;Se caracteriz\u00f3 por secuestros, torturas, asesinatos y desapariciones forzadas en centros clandestinos de detenci\u00f3n.<\/li>\n\n\n\n<li><strong>Complicidad Civil:<\/strong>&nbsp;Cont\u00f3 con el apoyo de sectores empresariales, parte de la Iglesia Cat\u00f3lica y medios de comunicaci\u00f3n.<\/li>\n\n\n\n<li><strong>Plan Econ\u00f3mico:<\/strong>&nbsp;Implementado por Jos\u00e9 Alfredo Mart\u00ednez de Hoz, incluy\u00f3 desindustrializaci\u00f3n, aumento de la deuda externa y congelamiento de salarios.<\/li>\n\n\n\n<li><strong>Censura y Represi\u00f3n:<\/strong>&nbsp;Se prohibieron actividades pol\u00edticas, sindicales y culturales (libros, m\u00fasica, cine).<\/li>\n\n\n\n<li><strong>Fin de la Dictadura:<\/strong>&nbsp;La derrota en la Guerra de Malvinas (1982) aceler\u00f3 el debilitamiento del r\u00e9gimen, que entreg\u00f3 el poder el 10 d<\/li>\n<\/ul>\n\n\n\n<p>Cada 24 de marzo, Argentina conmemora el&nbsp;<a href=\"https:\/\/www.google.com\/search?q=D%C3%ADa+Nacional+de+la+Memoria+por+la+Verdad+y+la+Justicia&amp;sca_esv=cad53a9b66261df5&amp;sxsrf=ANbL-n6RFIvHMucYuGbcXVTPO7LRz_EQtg%3A1773160561095&amp;ei=cUiwafrIBePC5OUP1a2EiQY&amp;biw=1358&amp;bih=602&amp;oq=golpe+c%C3%AD&amp;gs_lp=Egxnd3Mtd2l6LXNlcnAaAhgCIglnb2xwZSBjw60qAggBMgUQABiABDIFEAAYgAQyBhAAGBYYHjIGEAAYFhgeMgYQABgWGB4yBhAAGBYYHjIJEAAYFhjHAxgeMgYQABgWGB4yBhAAGBYYHjIJEAAYFhjHAxgeSMzS-gJQvPP5AlibvPoCcAN4AZABAJgB_QKgAbMMqgEHMC42LjEuMbgBAcgBAPgBAZgCC6ACsg2oAhTCAgoQABiwAxjWBBhHwgITECMYpgMYJxj4BRioAxjqAhiLA8ICEBAjGKYDGCcYqAMY6gIYiwPCAgoQIxgnGOoCGIsDwgIHEC4YJxjqAsICExAuGCcYqAMYmAMY6gIYmgMYiwPCAgcQIxgnGOoCwgIQEAAYAxi0AhjqAhiPAdgBAcICEBAuGAMYtAIY6gIYjwHYAQHCAgsQABiABBixAxiDAcICERAuGIAEGLEDGNEDGIMBGMcBwgIFEC4YgATCAgsQLhiABBjRAxjHAcICDhAuGIAEGLEDGIMBGIoFwgIKECMYgAQYJxiKBcICFhAuGIAEGLEDGNEDGEMYgwEYxwEYigXCAhAQABiABBixAxhDGIMBGIoFwgIKEAAYgAQYQxiKBcICDRAuGIAEGLEDGEMYigXCAgoQLhiABBhDGIoFwgIOEC4YgAQYsQMY0QMYxwHCAggQABiABBixA8ICCBAuGIAEGLEDwgIZEC4YgAQYQxiKBRiXBRjcBBjeBBjgBNgBAcICDhAAGIAEGLEDGIMBGMcDwgIOEAAYgAQYsQMYgwEYigXCAhQQLhiABBiXBRjcBBjeBBjgBNgBAZgDCPEFb_k9YMhKWMGIBgGQBgi6BgYIARABGAqSBwkzLjUuMi4wLjGgB7FjsgcJMC41LjIuMC4xuAeVDcIHBTItNi41yAdhgAgA&amp;sclient=gws-wiz-serp&amp;mstk=AUtExfAnXFU0vog6Bp4VNimjzD93185KFOdwNJicy_juGRSNb2SLRTxuZFehfEAd1ouYWaT4EeY6IfoCMf5LcQ0zyrTzqTbA_Q2CTIuTbZ-bh0HAv7n76v4XebwEIskK1fAM7X1Q6W8X8w_ZIu_-fvXcb9wugGI7so54nGiMt_Kf6P7T8OU&amp;csui=3&amp;ved=2ahUKEwi27pK5_ZWTAxXHuJUCHYFdIDUQgK4QegQIBBAB\">D\u00eda Nacional de la Memoria por la Verdad y la Justicia<\/a>&nbsp;para recordar a las v\u00edctimas y reafirmar la democracia.<\/p>\n\n\n\n<div class=\"wp-block-file\"><object class=\"wp-block-file__embed\" data=\"https:\/\/emad-bue.infd.edu.ar\/sitio\/wp-content\/uploads\/2026\/03\/50-aniversario-del-golpe-de-1976-en-imagenes.pdf\" type=\"application\/pdf\" style=\"width:100%;height:600px\" aria-label=\"Incrustado de 50-aniversario-del-golpe-de-1976-en-imagenes.\"><\/object><a id=\"wp-block-file--media-1df36c5a-4956-41d5-9106-77c3f7b446b8\" href=\"https:\/\/emad-bue.infd.edu.ar\/sitio\/wp-content\/uploads\/2026\/03\/50-aniversario-del-golpe-de-1976-en-imagenes.pdf\">50-aniversario-del-golpe-de-1976-en-imagenes<\/a><a href=\"https:\/\/emad-bue.infd.edu.ar\/sitio\/wp-content\/uploads\/2026\/03\/50-aniversario-del-golpe-de-1976-en-imagenes.pdf\" class=\"wp-block-file__button wp-element-button\" download aria-describedby=\"wp-block-file--media-1df36c5a-4956-41d5-9106-77c3f7b446b8\">Descarga<\/a><\/div>\n\n\n\n<figure class=\"wp-block-embed is-type-video is-provider-youtube wp-block-embed-youtube wp-embed-aspect-16-9 wp-has-aspect-ratio\"><div class=\"wp-block-embed__wrapper\">\n<iframe loading=\"lazy\" title=\"C\u00f3mo era la Educaci\u00f3n en la dictadura c\u00edvico militar 1976 - 1983? - #historia #educaci\u00f3n\" width=\"1200\" height=\"675\" src=\"https:\/\/www.youtube.com\/embed\/wk9JRqSUWuo?feature=oembed\" frameborder=\"0\" allow=\"accelerometer; autoplay; clipboard-write; encrypted-media; gyroscope; picture-in-picture; web-share\" referrerpolicy=\"strict-origin-when-cross-origin\" allowfullscreen><\/iframe>\n<\/div><\/figure>\n\n\n\n<figure class=\"wp-block-embed is-type-video is-provider-youtube wp-block-embed-youtube wp-embed-aspect-4-3 wp-has-aspect-ratio\"><div class=\"wp-block-embed__wrapper\">\n<iframe loading=\"lazy\" title=\"La educaci\u00f3n en \u00e9pocas de dictadura militar\" width=\"1200\" height=\"900\" src=\"https:\/\/www.youtube.com\/embed\/_ozPHiZ35p0?feature=oembed\" frameborder=\"0\" allow=\"accelerometer; autoplay; clipboard-write; encrypted-media; gyroscope; picture-in-picture; web-share\" referrerpolicy=\"strict-origin-when-cross-origin\" allowfullscreen><\/iframe>\n<\/div><\/figure>\n\n\n\n<figure class=\"wp-block-embed is-type-video is-provider-youtube wp-block-embed-youtube wp-embed-aspect-4-3 wp-has-aspect-ratio\"><div class=\"wp-block-embed__wrapper\">\n<iframe loading=\"lazy\" title=\"Documental Noche de los Lapices\" width=\"1200\" height=\"900\" src=\"https:\/\/www.youtube.com\/embed\/c94Ep8lW_7c?feature=oembed\" frameborder=\"0\" allow=\"accelerometer; autoplay; clipboard-write; encrypted-media; gyroscope; picture-in-picture; web-share\" referrerpolicy=\"strict-origin-when-cross-origin\" allowfullscreen><\/iframe>\n<\/div><\/figure>\n\n\n\n<figure class=\"wp-block-embed is-type-video is-provider-youtube wp-block-embed-youtube wp-embed-aspect-16-9 wp-has-aspect-ratio\"><div class=\"wp-block-embed__wrapper\">\n<iframe loading=\"lazy\" title=\"LA NOCHE DE LOS L\u00c1PICES\" width=\"1200\" height=\"675\" src=\"https:\/\/www.youtube.com\/embed\/JMRE6nhDntI?feature=oembed\" frameborder=\"0\" allow=\"accelerometer; autoplay; clipboard-write; encrypted-media; gyroscope; picture-in-picture; web-share\" referrerpolicy=\"strict-origin-when-cross-origin\" allowfullscreen><\/iframe>\n<\/div><\/figure>\n\n\n\n<figure class=\"wp-block-embed is-type-video is-provider-youtube wp-block-embed-youtube wp-embed-aspect-4-3 wp-has-aspect-ratio\"><div class=\"wp-block-embed__wrapper\">\n<iframe loading=\"lazy\" title=\"La Historia Oficial - 1985 (pel\u00edcula completa)\" width=\"1200\" height=\"900\" src=\"https:\/\/www.youtube.com\/embed\/VPhgeDCRt6A?start=53&#038;feature=oembed\" frameborder=\"0\" allow=\"accelerometer; autoplay; clipboard-write; encrypted-media; gyroscope; picture-in-picture; web-share\" referrerpolicy=\"strict-origin-when-cross-origin\" allowfullscreen><\/iframe>\n<\/div><\/figure>\n","protected":false},"excerpt":{"rendered":"<p>El golpe c\u00edvico-militar del 24 de marzo de 1976 en Argentina derroc\u00f3 a Mar\u00eda Estela Mart\u00ednez de Per\u00f3n, instaurando una dictadura (1976-1983) conocida como \u00abProceso de Reorganizaci\u00f3n Nacional\u00bb. Liderada por una junta militar, implement\u00f3 un sistem\u00e1tico terrorismo de Estado, violaciones masivas a los derechos humanos, 30.000 desaparecidos y un plan econ\u00f3mico neoliberal Puntos Clave del &#8230; <a title=\"50\u00b0 ANIVERSARIO DEL GOLPE C\u00cdVICO-MILITAR 1976\" class=\"read-more\" href=\"https:\/\/emad-bue.infd.edu.ar\/sitio\/50-aniversario-del-golpe-civico-militar-1976\/\" aria-label=\"More on 50\u00b0 ANIVERSARIO DEL GOLPE C\u00cdVICO-MILITAR 1976\">[+]<\/a><\/p>\n","protected":false},"author":25,"featured_media":0,"parent":0,"menu_order":0,"comment_status":"closed","ping_status":"closed","template":"","meta":[],"acf":[],"_links":{"self":[{"href":"https:\/\/emad-bue.infd.edu.ar\/sitio\/wp-json\/wp\/v2\/pages\/2489"}],"collection":[{"href":"https:\/\/emad-bue.infd.edu.ar\/sitio\/wp-json\/wp\/v2\/pages"}],"about":[{"href":"https:\/\/emad-bue.infd.edu.ar\/sitio\/wp-json\/wp\/v2\/types\/page"}],"author":[{"embeddable":true,"href":"https:\/\/emad-bue.infd.edu.ar\/sitio\/wp-json\/wp\/v2\/users\/25"}],"replies":[{"embeddable":true,"href":"https:\/\/emad-bue.infd.edu.ar\/sitio\/wp-json\/wp\/v2\/comments?post=2489"}],"version-history":[{"count":7,"href":"https:\/\/emad-bue.infd.edu.ar\/sitio\/wp-json\/wp\/v2\/pages\/2489\/revisions"}],"predecessor-version":[{"id":2501,"href":"https:\/\/emad-bue.infd.edu.ar\/sitio\/wp-json\/wp\/v2\/pages\/2489\/revisions\/2501"}],"wp:attachment":[{"href":"https:\/\/emad-bue.infd.edu.ar\/sitio\/wp-json\/wp\/v2\/media?parent=2489"}],"curies":[{"name":"wp","href":"https:\/\/api.w.org\/{rel}","templated":true}]}}

50° ANIVERSARIO DEL GOLPE CÍVICO-MILITAR 1976

<p>El golpe cívico-militar del 24 de marzo de 1976 en Argentina derrocó a María Estela Martínez de Perón, instaurando una dictadura (1976-1983) conocida como «Proceso de Reorganización Nacional». Liderada por una junta militar, implementó un sistemático terrorismo de Estado, violaciones masivas a los derechos humanos, 30.000 desaparecidos y un plan económico neoliberal</p>



<p><strong>Puntos Clave del Golpe y la Dictadura:</strong></p>



<ul>
<li><strong>Líderes:</strong>&nbsp;La junta estuvo compuesta por Jorge Rafael Videla (Ejército), Emilio Eduardo Massera (Armada) y Orlando Ramón Agosti (Fuerza Aérea).</li>



<li><strong>Terrorismo de Estado:</strong>&nbsp;Se caracterizó por secuestros, torturas, asesinatos y desapariciones forzadas en centros clandestinos de detención.</li>



<li><strong>Complicidad Civil:</strong>&nbsp;Contó con el apoyo de sectores empresariales, parte de la Iglesia Católica y medios de comunicación.</li>



<li><strong>Plan Económico:</strong>&nbsp;Implementado por José Alfredo Martínez de Hoz, incluyó desindustrialización, aumento de la deuda externa y congelamiento de salarios.</li>



<li><strong>Censura y Represión:</strong>&nbsp;Se prohibieron actividades políticas, sindicales y culturales (libros, música, cine).</li>



<li><strong>Fin de la Dictadura:</strong>&nbsp;La derrota en la Guerra de Malvinas (1982) aceleró el debilitamiento del régimen, que entregó el poder el 10 d</li>
</ul>



<p>Cada 24 de marzo, Argentina conmemora el&nbsp;<a href="https://www.google.com/search?q=D%C3%ADa+Nacional+de+la+Memoria+por+la+Verdad+y+la+Justicia&amp;sca_esv=cad53a9b66261df5&amp;sxsrf=ANbL-n6RFIvHMucYuGbcXVTPO7LRz_EQtg%3A1773160561095&amp;ei=cUiwafrIBePC5OUP1a2EiQY&amp;biw=1358&amp;bih=602&amp;oq=golpe+c%C3%AD&amp;gs_lp=Egxnd3Mtd2l6LXNlcnAaAhgCIglnb2xwZSBjw60qAggBMgUQABiABDIFEAAYgAQyBhAAGBYYHjIGEAAYFhgeMgYQABgWGB4yBhAAGBYYHjIJEAAYFhjHAxgeMgYQABgWGB4yBhAAGBYYHjIJEAAYFhjHAxgeSMzS-gJQvPP5AlibvPoCcAN4AZABAJgB_QKgAbMMqgEHMC42LjEuMbgBAcgBAPgBAZgCC6ACsg2oAhTCAgoQABiwAxjWBBhHwgITECMYpgMYJxj4BRioAxjqAhiLA8ICEBAjGKYDGCcYqAMY6gIYiwPCAgoQIxgnGOoCGIsDwgIHEC4YJxjqAsICExAuGCcYqAMYmAMY6gIYmgMYiwPCAgcQIxgnGOoCwgIQEAAYAxi0AhjqAhiPAdgBAcICEBAuGAMYtAIY6gIYjwHYAQHCAgsQABiABBixAxiDAcICERAuGIAEGLEDGNEDGIMBGMcBwgIFEC4YgATCAgsQLhiABBjRAxjHAcICDhAuGIAEGLEDGIMBGIoFwgIKECMYgAQYJxiKBcICFhAuGIAEGLEDGNEDGEMYgwEYxwEYigXCAhAQABiABBixAxhDGIMBGIoFwgIKEAAYgAQYQxiKBcICDRAuGIAEGLEDGEMYigXCAgoQLhiABBhDGIoFwgIOEC4YgAQYsQMY0QMYxwHCAggQABiABBixA8ICCBAuGIAEGLEDwgIZEC4YgAQYQxiKBRiXBRjcBBjeBBjgBNgBAcICDhAAGIAEGLEDGIMBGMcDwgIOEAAYgAQYsQMYgwEYigXCAhQQLhiABBiXBRjcBBjeBBjgBNgBAZgDCPEFb_k9YMhKWMGIBgGQBgi6BgYIARABGAqSBwkzLjUuMi4wLjGgB7FjsgcJMC41LjIuMC4xuAeVDcIHBTItNi41yAdhgAgA&amp;sclient=gws-wiz-serp&amp;mstk=AUtExfAnXFU0vog6Bp4VNimjzD93185KFOdwNJicy_juGRSNb2SLRTxuZFehfEAd1ouYWaT4EeY6IfoCMf5LcQ0zyrTzqTbA_Q2CTIuTbZ-bh0HAv7n76v4XebwEIskK1fAM7X1Q6W8X8w_ZIu_-fvXcb9wugGI7so54nGiMt_Kf6P7T8OU&amp;csui=3&amp;ved=2ahUKEwi27pK5_ZWTAxXHuJUCHYFdIDUQgK4QegQIBBAB">Día Nacional de la Memoria por la Verdad y la Justicia</a>&nbsp;para recordar a las víctimas y reafirmar la democracia.</p>



<div class="wp-block-file"><object class="wp-block-file__embed" data="https://emad-bue.infd.edu.ar/sitio/wp-content/uploads/2026/03/50-aniversario-del-golpe-de-1976-en-imagenes.pdf" type="application/pdf" style="width:100%;height:600px" aria-label="Incrustado de 50-aniversario-del-golpe-de-1976-en-imagenes."></object><a id="wp-block-file--media-1df36c5a-4956-41d5-9106-77c3f7b446b8" href="https://emad-bue.infd.edu.ar/sitio/wp-content/uploads/2026/03/50-aniversario-del-golpe-de-1976-en-imagenes.pdf">50-aniversario-del-golpe-de-1976-en-imagenes</a><a href="https://emad-bue.infd.edu.ar/sitio/wp-content/uploads/2026/03/50-aniversario-del-golpe-de-1976-en-imagenes.pdf" class="wp-block-file__button wp-element-button" download aria-describedby="wp-block-file--media-1df36c5a-4956-41d5-9106-77c3f7b446b8">Descarga</a></div>



<figure class="wp-block-embed is-type-video is-provider-youtube wp-block-embed-youtube wp-embed-aspect-16-9 wp-has-aspect-ratio"><div class="wp-block-embed__wrapper">
<iframe loading="lazy" title="Cómo era la Educación en la dictadura cívico militar 1976 - 1983? - #historia #educación" width="1200" height="675" src="https://www.youtube.com/embed/wk9JRqSUWuo?feature=oembed" frameborder="0" allow="accelerometer; autoplay; clipboard-write; encrypted-media; gyroscope; picture-in-picture; web-share" referrerpolicy="strict-origin-when-cross-origin" allowfullscreen></iframe>
</div></figure>



<figure class="wp-block-embed is-type-video is-provider-youtube wp-block-embed-youtube wp-embed-aspect-4-3 wp-has-aspect-ratio"><div class="wp-block-embed__wrapper">
<iframe loading="lazy" title="La educación en épocas de dictadura militar" width="1200" height="900" src="https://www.youtube.com/embed/_ozPHiZ35p0?feature=oembed" frameborder="0" allow="accelerometer; autoplay; clipboard-write; encrypted-media; gyroscope; picture-in-picture; web-share" referrerpolicy="strict-origin-when-cross-origin" allowfullscreen></iframe>
</div></figure>



<figure class="wp-block-embed is-type-video is-provider-youtube wp-block-embed-youtube wp-embed-aspect-4-3 wp-has-aspect-ratio"><div class="wp-block-embed__wrapper">
<iframe loading="lazy" title="Documental Noche de los Lapices" width="1200" height="900" src="https://www.youtube.com/embed/c94Ep8lW_7c?feature=oembed" frameborder="0" allow="accelerometer; autoplay; clipboard-write; encrypted-media; gyroscope; picture-in-picture; web-share" referrerpolicy="strict-origin-when-cross-origin" allowfullscreen></iframe>
</div></figure>



<figure class="wp-block-embed is-type-video is-provider-youtube wp-block-embed-youtube wp-embed-aspect-16-9 wp-has-aspect-ratio"><div class="wp-block-embed__wrapper">
<iframe loading="lazy" title="LA NOCHE DE LOS LÁPICES" width="1200" height="675" src="https://www.youtube.com/embed/JMRE6nhDntI?feature=oembed" frameborder="0" allow="accelerometer; autoplay; clipboard-write; encrypted-media; gyroscope; picture-in-picture; web-share" referrerpolicy="strict-origin-when-cross-origin" allowfullscreen></iframe>
</div></figure>



<figure class="wp-block-embed is-type-video is-provider-youtube wp-block-embed-youtube wp-embed-aspect-4-3 wp-has-aspect-ratio"><div class="wp-block-embed__wrapper">
<iframe loading="lazy" title="La Historia Oficial - 1985 (película completa)" width="1200" height="900" src="https://www.youtube.com/embed/VPhgeDCRt6A?start=53&#038;feature=oembed" frameborder="0" allow="accelerometer; autoplay; clipboard-write; encrypted-media; gyroscope; picture-in-picture; web-share" referrerpolicy="strict-origin-when-cross-origin" allowfullscreen></iframe>
</div></figure>

<p>El golpe cívico-militar del 24 de marzo de 1976 en Argentina derrocó a María Estela Martínez de Perón, instaurando una dictadura (1976-1983) conocida como «Proceso de Reorganización Nacional». Liderada por una junta militar, implementó un sistemático terrorismo de Estado, violaciones masivas a los derechos humanos, 30.000 desaparecidos y un plan económico neoliberal Puntos Clave del &#8230; <a title="50° ANIVERSARIO DEL GOLPE CÍVICO-MILITAR 1976" class="read-more" href="https://emad-bue.infd.edu.ar/sitio/50-aniversario-del-golpe-civico-militar-1976/" aria-label="More on 50° ANIVERSARIO DEL GOLPE CÍVICO-MILITAR 1976">[+]</a></p>
