{"id":2109,"date":"2025-02-27T16:02:20","date_gmt":"2025-02-27T19:02:20","guid":{"rendered":"https:\/\/emad-bue.infd.edu.ar\/sitio\/?page_id=2109"},"modified":"2026-03-31T15:29:51","modified_gmt":"2026-03-31T18:29:51","slug":"nuevo-regimen-academico-2025","status":"publish","type":"page","link":"https:\/\/emad-bue.infd.edu.ar\/sitio\/nuevo-regimen-academico-2025\/","title":{"rendered":"R\u00c9GIMEN ACAD\u00c9MICO MARCO: RESOLUCI\u00d3N 4196\/24 y R\u00c9GIMEN ACAD\u00c9MICO INSTITUCIONAL EMAD"},"content":{"rendered":"\n<div class=\"wp-block-file\"><object class=\"wp-block-file__embed\" data=\"https:\/\/emad-bue.infd.edu.ar\/sitio\/wp-content\/uploads\/2026\/03\/RESOC-4196-24-Regimen-Academico-Superior-11.pdf\" type=\"application\/pdf\" style=\"width:100%;height:600px\" aria-label=\"Incrustado de RESOC-4196-24-Regimen-Academico-Superior-11.\"><\/object><a id=\"wp-block-file--media-f3e0a5e0-6192-40ad-bff7-9da248aae411\" href=\"https:\/\/emad-bue.infd.edu.ar\/sitio\/wp-content\/uploads\/2026\/03\/RESOC-4196-24-Regimen-Academico-Superior-11.pdf\">RESOC-4196-24-Regimen-Academico-Superior-11<\/a><a href=\"https:\/\/emad-bue.infd.edu.ar\/sitio\/wp-content\/uploads\/2026\/03\/RESOC-4196-24-Regimen-Academico-Superior-11.pdf\" class=\"wp-block-file__button wp-element-button\" download aria-describedby=\"wp-block-file--media-f3e0a5e0-6192-40ad-bff7-9da248aae411\">Descarga<\/a><\/div>\n\n\n\n<div class=\"wp-block-file\"><object class=\"wp-block-file__embed\" data=\"https:\/\/emad-bue.infd.edu.ar\/sitio\/wp-content\/uploads\/2025\/03\/Anexo-11.pdf\" type=\"application\/pdf\" style=\"width:100%;height:600px\" aria-label=\"Incrustado de Anexo-11.\"><\/object><a id=\"wp-block-file--media-0fd5b6dc-01ac-4d6e-bc17-e0b3f4599128\" href=\"https:\/\/emad-bue.infd.edu.ar\/sitio\/wp-content\/uploads\/2025\/03\/Anexo-11.pdf\">Anexo-11<\/a><a href=\"https:\/\/emad-bue.infd.edu.ar\/sitio\/wp-content\/uploads\/2025\/03\/Anexo-11.pdf\" class=\"wp-block-file__button wp-element-button\" download aria-describedby=\"wp-block-file--media-0fd5b6dc-01ac-4d6e-bc17-e0b3f4599128\">Descarga<\/a><\/div>\n\n\n\n<div class=\"wp-block-file\"><object class=\"wp-block-file__embed\" data=\"https:\/\/emad-bue.infd.edu.ar\/sitio\/wp-content\/uploads\/2025\/03\/anexo-21.pdf\" type=\"application\/pdf\" style=\"width:100%;height:600px\" aria-label=\"Incrustado de anexo-21.\"><\/object><a id=\"wp-block-file--media-4e5ee68c-d8e5-43c3-9d3f-59c602e486d1\" href=\"https:\/\/emad-bue.infd.edu.ar\/sitio\/wp-content\/uploads\/2025\/03\/anexo-21.pdf\">anexo-21<\/a><a href=\"https:\/\/emad-bue.infd.edu.ar\/sitio\/wp-content\/uploads\/2025\/03\/anexo-21.pdf\" class=\"wp-block-file__button wp-element-button\" download aria-describedby=\"wp-block-file--media-4e5ee68c-d8e5-43c3-9d3f-59c602e486d1\">Descarga<\/a><\/div>\n\n\n\n<div class=\"wp-block-file\"><object class=\"wp-block-file__embed\" data=\"https:\/\/emad-bue.infd.edu.ar\/sitio\/wp-content\/uploads\/2025\/03\/Anexo-31.pdf\" type=\"application\/pdf\" style=\"width:100%;height:600px\" aria-label=\"Incrustado de Anexo-31.\"><\/object><a id=\"wp-block-file--media-115994c7-8be4-47e7-8697-9fb253650d7b\" href=\"https:\/\/emad-bue.infd.edu.ar\/sitio\/wp-content\/uploads\/2025\/03\/Anexo-31.pdf\">Anexo-31<\/a><a href=\"https:\/\/emad-bue.infd.edu.ar\/sitio\/wp-content\/uploads\/2025\/03\/Anexo-31.pdf\" class=\"wp-block-file__button wp-element-button\" download aria-describedby=\"wp-block-file--media-115994c7-8be4-47e7-8697-9fb253650d7b\">Descarga<\/a><\/div>\n\n\n\n<div class=\"wp-block-file\"><a id=\"wp-block-file--media-010d6829-a158-48e0-b6ca-4f8abfd88527\" href=\"https:\/\/emad-bue.infd.edu.ar\/sitio\/wp-content\/uploads\/2026\/03\/SINTESIS-REGIMEN-ACADEMICO-MARCO-RAM.pptx\">SINTESIS-REGIMEN-ACADEMICO-MARCO-RAM<\/a><a href=\"https:\/\/emad-bue.infd.edu.ar\/sitio\/wp-content\/uploads\/2026\/03\/SINTESIS-REGIMEN-ACADEMICO-MARCO-RAM.pptx\" class=\"wp-block-file__button wp-element-button\" download aria-describedby=\"wp-block-file--media-010d6829-a158-48e0-b6ca-4f8abfd88527\">Descarga<\/a><\/div>\n\n\n\n<div class=\"wp-block-file\"><object class=\"wp-block-file__embed\" data=\"https:\/\/emad-bue.infd.edu.ar\/sitio\/wp-content\/uploads\/2026\/03\/Regimen-Academico-Institucional-EMAD-2025-2.pdf\" type=\"application\/pdf\" style=\"width:100%;height:600px\" aria-label=\"Incrustado de Regimen-Academico-Institucional-EMAD-2025-2.\"><\/object><a id=\"wp-block-file--media-5ffe3068-0059-4e02-9fd7-c2ad2aaa6f25\" href=\"https:\/\/emad-bue.infd.edu.ar\/sitio\/wp-content\/uploads\/2026\/03\/Regimen-Academico-Institucional-EMAD-2025-2.pdf\">Regimen-Academico-Institucional-EMAD-2025-2<\/a><a href=\"https:\/\/emad-bue.infd.edu.ar\/sitio\/wp-content\/uploads\/2026\/03\/Regimen-Academico-Institucional-EMAD-2025-2.pdf\" class=\"wp-block-file__button wp-element-button\" download aria-describedby=\"wp-block-file--media-5ffe3068-0059-4e02-9fd7-c2ad2aaa6f25\">Descarga<\/a><\/div>\n","protected":false},"excerpt":{"rendered":"","protected":false},"author":25,"featured_media":0,"parent":0,"menu_order":0,"comment_status":"closed","ping_status":"closed","template":"","meta":[],"acf":[],"_links":{"self":[{"href":"https:\/\/emad-bue.infd.edu.ar\/sitio\/wp-json\/wp\/v2\/pages\/2109"}],"collection":[{"href":"https:\/\/emad-bue.infd.edu.ar\/sitio\/wp-json\/wp\/v2\/pages"}],"about":[{"href":"https:\/\/emad-bue.infd.edu.ar\/sitio\/wp-json\/wp\/v2\/types\/page"}],"author":[{"embeddable":true,"href":"https:\/\/emad-bue.infd.edu.ar\/sitio\/wp-json\/wp\/v2\/users\/25"}],"replies":[{"embeddable":true,"href":"https:\/\/emad-bue.infd.edu.ar\/sitio\/wp-json\/wp\/v2\/comments?post=2109"}],"version-history":[{"count":24,"href":"https:\/\/emad-bue.infd.edu.ar\/sitio\/wp-json\/wp\/v2\/pages\/2109\/revisions"}],"predecessor-version":[{"id":2576,"href":"https:\/\/emad-bue.infd.edu.ar\/sitio\/wp-json\/wp\/v2\/pages\/2109\/revisions\/2576"}],"wp:attachment":[{"href":"https:\/\/emad-bue.infd.edu.ar\/sitio\/wp-json\/wp\/v2\/media?parent=2109"}],"curies":[{"name":"wp","href":"https:\/\/api.w.org\/{rel}","templated":true}]}}

RÉGIMEN ACADÉMICO MARCO: RESOLUCIÓN 4196/24 y RÉGIMEN ACADÉMICO INSTITUCIONAL EMAD
